77)?
7, 337
Suppose 0 = -97*t + 136*t - 67626. What are the prime factors of t?
2, 3, 17
Let h(s) = s**3 + 18*s**2 - 19*s + 4. Let g be h(-19). Suppose 6 = g*q + w, -4*q = -0*q - 3*w - 14. What are the prime factors of (192 - 1) + 2 + q + -8?
11, 17
Suppose -35 = -15*b + 10. Suppose -4*c + b*v + 51 = 0, -v = -c - 6*v - 16. What are the prime factors of -3*3/c - -165?
2, 41
Let z(h) = 4*h**3 + 15*h**2 + 25*h + 38. List the prime factors of z(10).
2, 1447
Let k = -15473 - -37241. List the prime factors of k.
2, 3, 907
Let t = 96 - 94. Suppose -q = -4*k + 2304, t*k = 5*q + 891 + 243. Suppose 0 = -7*r + 879 + k. List the prime factors of r.
2, 13
Suppose -3 = 3*s, s + 14 = 5*d - 3*s. Suppose -u + 76 = d*n - 84, 0 = -4*n + 5*u + 334. Let p = n + -29. What are the prime factors of p?
2, 13
Let l(k) = k**2 + 2*k**3 + 3 - 4*k**3 + 0 - 4*k. Let x be ((-266)/190)/((3/15)/1) + 3. List the prime factors of l(x).
163
Let q(o) = -o + 1. Let r be q(11). List the prime factors of 94 + (r/(-5) - 2).
2, 47
Suppose 0 = -7*m + 10*m - 810. Suppose 32*w - m = 26*w. Suppose w*d + 43 = 46*d. What are the prime factors of d?
43
Suppose 0 = 4*b + 2*d - 4*d - 1592, 0 = 4*d. Let r = -85 + b. List the prime factors of r.
313
Let k(x) = 233*x + 1118. What are the prime factors of k(89)?
3, 5, 31, 47
Let j = 203 + -311. Let d be 18/j - (-175)/6. Let q = 69 - d. List the prime factors of q.
2, 5
Let o(u) = u**3 - 18*u**2 + 2*u - 193. List the prime factors of o(24).
7, 11, 43
Let z be ((-24)/(-15) - 2)*(-4 + -1). Let l(g) = 57*g**2 - 15*g + z + 7*g + 0. List the prime factors of l(-2).
2, 3, 41
Let g = 16056 + -9052. List the prime factors of g.
2, 17, 103
Let g(o) = 157*o - 233. What are the prime factors of g(27)?
2, 2003
Let a(u) be the second derivative of u**5/20 + 19*u**4/12 + 9*u**3/2 + 3*u**2 + 144*u. List the prime factors of a(-15).
3, 167
Let q(v) = -19*v - 26. Let l be q(-14). Suppose 0 = 4*x - 10*x + l. What are the prime factors of x?
2, 5
Suppose 593*x = 586*x + 5217 + 23049. List the prime factors of x.
2, 3, 673
Suppose -32 = -4*f - 11*c + 7*c, -3*f = -3*c - 12. Suppose 0 = 3*y - f, 0 = -b - 2*y + 7*y + 1069. Suppose 244 = -5*r + b. List the prime factors of r.
167
Let m = 79913 - 56754. What are the prime factors of m?
23159
Suppose -2*j + 3*y + 8 - 2 = 0, 3*j - y - 2 = 0. Suppose 0 = -m - j - 0. Suppose 0 = -m*i + 3*i - 291. List the prime factors of i.
97
What are the prime factors of (0 - 2)/(4/14)*(-2649636)/2772?
6691
Let c(w) = -33*w + w**2 - 17*w + 17*w - 45 - 3*w. List the prime factors of c(46).
5, 83
Let p(j) be the second derivative of j**4/6 - j**3 + 5*j**2/2 + 58*j. What are the prime factors of p(-11)?
313
Suppose -5*s + 122656 = 3*j, 0 = -2*j - 32*s + 28*s + 81776. List the prime factors of j.
2, 3, 13, 131
Let t(d) = 155*d**2 + 8*d + 130. List the prime factors of t(11).
18973
Suppose 0 = 3*b + 3*b - 132. Let w = b + -26. List the prime factors of (w + 8 - -56) + 0.
2, 3, 5
Let b = -55 - -60. Suppose -123 = -s + 5*r, 4*r + 829 = b*s + 193. Let h = s - 73. List the prime factors of h.
5, 11
Suppose 5*y + 32*s = 31*s + 51774, -3*y = -5*s - 31042. What are the prime factors of y?
2, 31, 167
Suppose 0*x = s - x - 88, -3*x + 416 = 5*s. Suppose -v + 2*v = 3*u - 35, -3*v - s = -4*u. Let b = v + 40. List the prime factors of b.
17
Let w(c) be the second derivative of 5*c**4/8 + c**3 - 7*c**2/2 + 13*c. Let l(u) be the first derivative of w(u). List the prime factors of l(5).
3
Suppose -12*l - 2251 - 4601 = 0. Let t = -233 - l. List the prime factors of t.
2, 13
Suppose -6*i = -9*i - 8*i. Suppose i = -4*c - 2*p - 1173 + 3683, -1240 = -2*c + 4*p. List the prime factors of c.
2, 313
Let t(u) = 2199*u**2 + 59*u - 168. What are the prime factors of t(3)?
2, 3, 5, 11
Suppose 263*x - 273*x + 4080 = 0. Suppose -2*u = -6*u + x. List the prime factors of u.
2, 3, 17
List the prime factors of (-1787552)/312*132/(-16).
11, 4297
Suppose -317*s - 2022855 = -9139188. List the prime factors of s.
3, 7, 1069
Let p(m) = 6*m**2 - 21*m + 1519. What are the prime factors of p(38)?
5, 1877
List the prime factors of (-92494 + -20)*5/(-15).
2, 17, 907
What are the prime factors of (-2*172/(-32))/(-1*2/(-3352))?
43, 419
Let k = 44516 - 40585. List the prime factors of k.
3931
Suppose -2*o = 3*b - 18650, 5*b + o - 19501 - 11580 = 0. What are the prime factors of b?
2, 3, 7, 37
Suppose -21*u + 114712 = 31*u. Let y = -709 + u. List the prime factors of y.
3, 499
Let g(a) = -a**3 + 9*a**2 - 6*a + 17. Let x be g(8). Suppose -2*d = -3*d + x. Let p = -22 + d. List the prime factors of p.
11
Let v(p) = p**2 - 11*p + 16. Let b be v(10). List the prime factors of 0 - ((-576)/b - 2).
2, 7
Let g(d) = -10*d + 17. Let c be g(-11). Suppose c*u - 131*u + 748 = 0. What are the prime factors of u?
11, 17
Let i(j) = 2*j - 3. Let n be i(4). Let l(y) = 7*y**2 - 6*y + 24. Let s be l(5). Suppose 236 = n*o - s. What are the prime factors of o?
3
Suppose n - 868*n + 59273314 = -11264072. List the prime factors of n.
2, 19, 2141
Let j(o) = -o**3 - 69*o**2 - 534*o + 40. What are the prime factors of j(-65)?
2, 3, 5, 7, 17
Suppose -4*l + 5266 = -3451 + 2165. What are the prime factors of l?
2, 3, 7, 13
Let b = 1 - -1. Let c = -543 - -546. Suppose c*v + 3*d + 3 = 0, 0 = -4*v - 5*d - b - 6. List the prime factors of v.
3
Let h = 429 - 425. List the prime factors of 909 + h/(-2 - -6)*5.
2, 457
Suppose -9*i - 283649 - 302483 = -32*i. List the prime factors of i.
2, 23, 277
Let l(v) = 225*v - 720. What are the prime factors of l(44)?
2, 3, 5, 17
Suppose -3*k = -k - 2. Let x be (0 - (0 - k))/(1/(-63)). Let m = 154 + x. List the prime factors of m.
7, 13
Let s = -327 - -544. Suppose 0 = -4*j + 2281 - s. List the prime factors of j.
2, 3, 43
Let j be (-1112)/28 + (-1)/(7/2). List the prime factors of (-2)/5 + ((-18416)/j - -1).
461
Let l = 7 + -5. Suppose -2*y = 5*n - 21, 4*y - 240 = -3*n - 219. Suppose n*k - 100 = u + 140, l*u = 3*k - 243. List the prime factors of k.
79
Let s(h) be the second derivative of -2/3*h**3 + 0 + 8*h**2 - 9*h. List the prime factors of s(-8).
2, 3
Let q be 14059/8 - (-21)/(-56). Suppose 4*d + 5*a - 6130 = 937, -d + q = -2*a. List the prime factors of d.
41, 43
Suppose 0 = -15*b + 37309 + 51536. What are the prime factors of b?
5923
Suppose 2*z + 10 = 0, 4*s - 675 = -s + 5*z. Let w = s + 96. What are the prime factors of w?
2, 113
Suppose 5 = 3*t + p, p = 4*t - p - 20. Suppose t*d - 106 = -r, 5*r + 2*d - 109 - 421 = 0. Suppose 2*l - 3*l = -r. What are the prime factors of l?
2, 53
Let u be (-3)/6 + (-12)/8*-1. What are the prime factors of 7 + 698 - -5 - (4 - u)?
7, 101
Let i = 6651 - 3584. Let d = i - 2013. List the prime factors of d.
2, 17, 31
Let l = -520 - -522. Suppose -2662 = 3*m - 7*m + 2*x, -2*m - l*x + 1346 = 0. What are the prime factors of m?
2, 167
Let y(m) = 181*m - 66. Suppose 10 + 10 = 5*r. What are the prime factors of y(r)?
2, 7, 47
Let m be 72/27 - (2 - (-7)/(-3)). Suppose 2*h = 4*u - 248, 0*h - m*u = 5*h + 659. Let n = 250 + h. What are the prime factors of n?
2, 3, 5
Suppose -231703 = -3*n - s, -1906*n = -1905*n + 4*s - 77249. List the prime factors of n.
13, 457
Suppose 15543 = -8*p + 17*p. Suppose -647 = -4*a - 2*o + p, 5*a - 2945 = 5*o. List the prime factors of a.
2, 37
Let u(g) = -284*g - 12. Let r be u(-3). Suppose 0 = 17*l - 9*l + r. What are the prime factors of l/20*420/(-9)?
5, 7
Let l = 1704 - 1149. Let n = -448 + l. List the prime factors of n.
107
Let o(a) = 1099*a**3 - 4*a**2 - 2*a + 1. Let x be o(-1). What are the prime factors of (-3)/2*x/33?
2, 5
Let x = -2 + 8. Let p(b) be the third derivative of b**4/6 + b**3/3 - 91*b**2. What are the prime factors of p(x)?
2, 13
Let d = 369 - 243. Suppose 121*x - d*x = -30. Suppose 0 = -5*k - 15, -4*q - 207 = -x*q + k. List the prime factors of q.
2, 3, 17
What are the prime factors of (-14402)/2*(89 + -89 + (-1 - 0))?
19, 379
Let c = -401 - -403. List the prime factors of (1/c)/((-16)/(-24800)).
5, 31
What are the prime factors of -1 - (-13 - -22)*-2290?
37, 557
Let p(x) = x**3 + 12*x**2 - 25*x + 29. Suppose 0 = 5*y - y + 5*i + 33, -48 = 3*y - 4*i. What are the prime factors of p(y)?
7, 47
Let v(z) = 2*z**2 + z + 1. Let i be v(-1). Let p(b) = -3*b + 9. Let d be p(i). Suppose x = d*x - 568. List the prime